2, 11, 23, 47, 691
What are the prime factors of 71536988?
2, 17884247
List the prime factors of 42863249.
11, 13, 299743
What are the prime factors of 1089058304?
2, 2127067
What are the prime factors of 42502489?
42502489
List the prime factors of 5482253469.
3, 7, 11, 97, 244667
List the prime factors of 86703371.
86703371
What are the prime factors of 1398590627?
7, 19, 29, 349, 1039
What are the prime factors of 692327764?
2, 53, 421, 7757
What are the prime factors of 41874389?
43, 973823
What are the prime factors of 391742643?
3, 29, 37, 121697
List the prime factors of 4546036654.
2, 15299, 148573
List the prime factors of 1753967057.
1753967057
What are the prime factors of 291263640?
2, 3, 5, 443, 5479
List the prime factors of 217006295.
5, 11, 37, 106637
What are the prime factors of 13881177?
3, 53, 29101
What are the prime factors of 295802435?
5, 59160487
What are the prime factors of 8134363883?
89, 91397347
What are the prime factors of 14201007?
3, 31, 37, 4127
What are the prime factors of 1256079124?
2, 457, 673, 1021
List the prime factors of 155901047.
307, 507821
List the prime factors of 761556842.
2, 1399, 272179
What are the prime factors of 44126827?
44126827
List the prime factors of 1464723968.
2, 2860789
List the prime factors of 62013502.
2, 149, 208099
List the prime factors of 9834050.
2, 5, 196681
What are the prime factors of 24903076?
2, 11, 565979
List the prime factors of 1159821301.
6823, 169987
What are the prime factors of 342813961?
7, 61, 619, 1297
What are the prime factors of 2118468528?
2, 3, 11, 443, 3019
What are the prime factors of 322544250?
2, 3, 5, 7, 20479
What are the prime factors of 2929739850?
2, 3, 5, 6510533
List the prime factors of 91948440.
2, 3, 5, 766237
List the prime factors of 14103863.
17, 829639
List the prime factors of 267477448.
2, 7, 71, 67273
What are the prime factors of 2269004066?
2, 7, 113, 631, 2273
List the prime factors of 11286691.
13, 17, 51071
List the prime factors of 73382405.
5, 71, 421, 491
What are the prime factors of 19253553?
3, 11, 23, 25367
List the prime factors of 2230050220.
2, 5, 149, 748339
List the prime factors of 1458011204.
2, 13, 269, 104233
List the prime factors of 174336116.
2, 2731, 15959
What are the prime factors of 27137500?
2, 5, 13, 167
What are the prime factors of 998194218?
2, 3, 7, 103, 230743
What are the prime factors of 15433773?
3, 17, 37, 8179
What are the prime factors of 1902435504?
2, 3, 499, 79427
What are the prime factors of 301209341?
29, 37, 280717
What are the prime factors of 2836167916?
2, 61, 149, 181, 431
List the prime factors of 1430941054.
2, 715470527
List the prime factors of 39384048.
2, 3, 11, 6781
What are the prime factors of 22963803?
3, 59, 137, 947
What are the prime factors of 11372531?
11372531
List the prime factors of 73024319.
73024319
What are the prime factors of 3834713334?
2, 3, 639118889
What are the prime factors of 14750235?
3, 5, 37, 2953
List the prime factors of 73299748.
2, 31, 591127
What are the prime factors of 77195299?
127, 607837
List the prime factors of 427117554.
2, 3, 17, 1395809
What are the prime factors of 16291915?
5, 3258383
List the prime factors of 140378501.
1013, 138577
What are the prime factors of 68558360?
2, 5, 13, 31, 4253
List the prime factors of 1146813572.
2, 13613, 21061
List the prime factors of 337769333.
11, 151, 203353
List the prime factors of 80767127.
7, 73, 179, 883
List the prime factors of 503016361.
109, 4614829
What are the prime factors of 160828541?
419, 383839
List the prime factors of 560300949.
3, 13, 1596299
List the prime factors of 64735194.
2, 3, 10789199
What are the prime factors of 5373943609?
3467, 1550027
List the prime factors of 3092552.
2, 386569
What are the prime factors of 382648271?
43, 79, 112643
List the prime factors of 1371584617.
13, 105506509
List the prime factors of 3325584492.
2, 3, 30792449
What are the prime factors of 613256537?
37, 113, 146677
List the prime factors of 631878902.
2, 149, 167, 12697
What are the prime factors of 242931193?
10459, 23227
List the prime factors of 52932890.
2, 5, 23, 230143
What are the prime factors of 70380271?
13, 1997, 2711
List the prime factors of 15573875.
5, 23, 5417
What are the prime factors of 964469195?
5, 37, 5213347
What are the prime factors of 43425164?
2, 109, 137, 727
List the prime factors of 1086649896.
2, 3, 41, 1104319
List the prime factors of 13041829.
3221, 4049
List the prime factors of 528601917.
3, 176200639
What are the prime factors of 741211896?
2, 3, 103, 299843
List the prime factors of 185237553.
3, 967, 63853
What are the prime factors of 47465438?
2, 23732719
List the prime factors of 19169270.
2, 5, 1171, 1637
What are the prime factors of 1570163042?
2, 7, 112154503
List the prime factors of 19520627.
7, 2788661
What are the prime factors of 211941300?
2, 3, 5, 41, 17231
What are the prime factors of 63435272?
2, 101, 78509
List the prime factors of 1542868893.
3, 171429877
What are the prime factors of 17928852?
2, 3, 1494071
List the prime factors of 39105189.
3, 37, 43, 2731
List the prime factors of 920686100.
2, 5, 103, 89387
What are the prime factors of 659408448?
2, 3, 3434419
What are the prime factors of 109549338?
2, 3, 941, 19403
What are the prime factors of 604574416?
2, 59, 61, 10499
What are the prime factors of 120218917?
7, 13, 17, 77711
List the prime factors of 30369753.
3, 71, 47527
List the prime factors of 53439109.
17, 3143477
What are the prime factors of 1353720828?
2, 3, 1949, 57881
What are the prime factors of 1494639901?
37, 103, 173, 2267
List the prime factors of 102048227.
2287, 44621
List the prime factors of 565745065.
5, 167, 677539
List the prime factors of 916057254.
2, 3, 7, 31, 100511
What are the prime factors of 143526711?
3, 3359, 14243
What are the prime factors of 231642416?
2, 31, 467021
List the prime factors of 1052786725.
5, 41, 601, 1709
List the prime factors of 790684346.
2, 1213, 325921
List the prime factors of 695460946.
2, 347730473
What are the prime factors of 69078626?
2, 47, 734879
What are the prime factors of 451063776?
2, 3, 4698581
List the prime factors of 3083746712.
2, 23, 1019, 16447
What are the prime factors of 151029100?
2, 5, 19, 29, 2741
What are the prime factors of 153475394?
2, 8629, 8893
List the prime factors of 55906580.
2, 5, 1613, 1733
List the prime factors of 199745402.
2, 99872701
What are the prime factors of 17363970?
2, 3, 5, 13, 17, 97
List the prime factors of 239597617.
7, 1117, 30643
What are the prime factors of 913693442?
2, 31, 47, 313553
List the prime factors of 74858118.
2, 3, 31, 127, 3169
List the prime factors of 93346234.
2, 157, 373, 797
What are the prime factors of 176365440?
2, 3, 5, 67, 457
List the prime factors of 897152168.
2, 11, 23, 47, 9431
What are the prime factors of 12044111?
23, 523657
List the prime factors of 1007679193.
19, 4003, 13249
What are the prime factors of 8322424747?
7, 13, 179, 10427
List the prime factors of 260224394.
2, 130112197
What are the prime factors of 1762443496?
2, 11, 19, 31, 37, 919
What are the prime factors of 7475331188?
2, 13, 17, 383, 22079
List the prime factors of 31258220.
2, 5, 7, 223273
List the prime factors of 5871582126.
2, 3, 326199007
What are the prime factors of 554339894?
2, 1931, 143537
List the prime factors of 223515266.
2, 13, 8596741
What are the prime factors of 51736217?
13, 139, 28631
What are the prime factors of 211523770?
2, 5, 19, 419, 2657
What are the prime factors of 71153367?
3, 1213, 19553
List the prime factors of 154098227.
19, 191, 42463
List the prime factors of 1010134046.
2, 19577, 25799
List the prime factors of 71254582.
2, 7, 17, 299389
What are the prime factors of 206125976?
2, 7, 109, 33769
What are the prime factors of 19327924?
2, 7, 11, 62753
What are the prime factors of 95352998?
2, 13, 89, 463
List the prime factors of 4672243720.
2, 5, 116806093
List the prime factors of 153273757.
7, 13, 1684327
List the prime factors of 2128682786.
2, 1064341393
What are the prime factors of 2230193004?
2, 3, 13, 14296109
List the prime factors of 7620009929.
7, 1088572847
List the prime factors of 3238660429.
17, 23, 109, 75991
List the prime factors of 8